{"id":64,"date":"2013-09-26T13:19:57","date_gmt":"2013-09-26T13:19:57","guid":{"rendered":"http:\/\/lugo.gestagua.es\/?page_id=64"},"modified":"2024-08-09T07:20:07","modified_gmt":"2024-08-09T07:20:07","slug":"control-de-proceso-2","status":"publish","type":"page","link":"https:\/\/lugo.gestagua.es\/index.php\/control-de-proceso-2\/","title":{"rendered":"Control de Proceso"},"content":{"rendered":"\n<div style=\"height:20px\" aria-hidden=\"true\" class=\"wp-block-spacer\"><\/div>\n\n\n\n<h2>AUTOMATISMOS Y CONTROLES<\/h2>\n\n\n\n<p>Gestagua en sus funciones de gesti\u00f3n y control del proceso de potabilizaci\u00f3n lleva a cabo un plan de control anal\u00edtico integral que engloba todas las etapas del proceso con el fin de garantizar, no s\u00f3lo la potabilidad del agua servida seg\u00fan las exigencias legislativas vigentes, sino a su vez las mejores condiciones organol\u00e9pticas, con el fin de suministrar un agua de alta calidad a la ciudad.<\/p>\n\n\n<div class=\"wp-block-image\">\n<figure class=\"alignright size-full\"><img loading=\"lazy\" width=\"300\" height=\"304\" src=\"https:\/\/lugo.gestagua.es\/wp-content\/uploads\/2013\/09\/Control-de-Proceso.png\" alt=\"\" class=\"wp-image-44\" srcset=\"https:\/\/lugo.gestagua.es\/wp-content\/uploads\/2013\/09\/Control-de-Proceso.png 300w, https:\/\/lugo.gestagua.es\/wp-content\/uploads\/2013\/09\/Control-de-Proceso-296x300.png 296w\" sizes=\"(max-width: 300px) 100vw, 300px\" \/><\/figure><\/div>\n\n\n<p>Este control engloba todo el proceso de potabilizaci\u00f3n, desde el agua bruta, captada en el r\u00edo Mi\u00f1o y caracterizada en continuo con el fin de amoldar el proceso en funci\u00f3n de las variaciones de la misma, pasando por cada una de las etapas del proceso, hasta el destino final en los dep\u00f3sitos de distribuci\u00f3n, desde donde se abastece a la ciudad de Lugo.<\/p>\n\n\n\n<p>Este control se realiza mediante las \u00faltimas tecnolog\u00edas en an\u00e1lisis y caracterizaci\u00f3n en contin\u00fao dispuestas en las etapas m\u00e1s cr\u00edticas del sistema, as\u00ed como con los m\u00e1s de 950 controles de calidad:<\/p>\n\n\n\n<p>\u2022&nbsp;&nbsp;&nbsp;&nbsp;&nbsp;&nbsp;&nbsp;&nbsp;&nbsp;&nbsp;&nbsp;&nbsp; De ellos 700 est\u00e1n avalados por la acreditaci\u00f3n UNE-ISO\/IEC-17025, de los cuales 590 se realizan en el laboratorio propio.<\/p>\n\n\n\n<p>\u2022&nbsp;&nbsp;&nbsp;&nbsp;&nbsp;&nbsp;&nbsp;&nbsp;&nbsp;&nbsp;&nbsp;&nbsp; Esto supone m\u00e1s de 3000 determinaciones en laboratorio propio y 5600 determinaciones en laboratorio externo, ambas opciones bajo la acreditaci\u00f3n UNE-ISO\/IEC-17025.<\/p>\n\n\n\n<p>\u2022&nbsp;&nbsp;&nbsp;&nbsp;&nbsp;&nbsp;&nbsp;&nbsp;&nbsp;&nbsp;&nbsp;&nbsp; M\u00e1s de 10000 medidas bajo la UNE-EN-ISO 9001, UNE-EN-ISO 14001, ISO 50001<\/p>\n","protected":false},"excerpt":{"rendered":"<p>AUTOMATISMOS Y CONTROLES Gestagua en sus funciones de gesti\u00f3n y control del proceso de potabilizaci\u00f3n lleva a cabo un plan de control anal\u00edtico integral que engloba todas las etapas del proceso con el fin de garantizar, no s\u00f3lo la potabilidad del agua servida seg\u00fan las exigencias legislativas vigentes, sino a su vez las mejores condiciones [&hellip;]<\/p>\n","protected":false},"author":2,"featured_media":0,"parent":0,"menu_order":0,"comment_status":"open","ping_status":"closed","template":"","meta":[],"_links":{"self":[{"href":"https:\/\/lugo.gestagua.es\/index.php\/wp-json\/wp\/v2\/pages\/64"}],"collection":[{"href":"https:\/\/lugo.gestagua.es\/index.php\/wp-json\/wp\/v2\/pages"}],"about":[{"href":"https:\/\/lugo.gestagua.es\/index.php\/wp-json\/wp\/v2\/types\/page"}],"author":[{"embeddable":true,"href":"https:\/\/lugo.gestagua.es\/index.php\/wp-json\/wp\/v2\/users\/2"}],"replies":[{"embeddable":true,"href":"https:\/\/lugo.gestagua.es\/index.php\/wp-json\/wp\/v2\/comments?post=64"}],"version-history":[{"count":16,"href":"https:\/\/lugo.gestagua.es\/index.php\/wp-json\/wp\/v2\/pages\/64\/revisions"}],"predecessor-version":[{"id":333,"href":"https:\/\/lugo.gestagua.es\/index.php\/wp-json\/wp\/v2\/pages\/64\/revisions\/333"}],"wp:attachment":[{"href":"https:\/\/lugo.gestagua.es\/index.php\/wp-json\/wp\/v2\/media?parent=64"}],"curies":[{"name":"wp","href":"https:\/\/api.w.org\/{rel}","templated":true}]}}