
{"id":85,"date":"2013-09-27T10:40:01","date_gmt":"2013-09-27T10:40:01","guid":{"rendered":"http:\/\/lugo.gestagua.es\/?page_id=85"},"modified":"2013-10-24T11:04:44","modified_gmt":"2013-10-24T11:04:44","slug":"comunicacion","status":"publish","type":"page","link":"https:\/\/lugo.gestagua.es\/index.php\/comunicacion\/","title":{"rendered":"Comunicaci\u00f3n"},"content":{"rendered":"<div class=\"theme-one-half\">\r\n\t\t<div class=\"flexslider flexslider-posts-slider  images-slider\" id=\"flexslider-posts-slider-1988\">\r\n\t\t\t<ul class=\"slides\">\r\n\t\t\t\t<li><article class=\"post link left post-slider\">\r\n\t\t\t\t<header>\r\n\t\t\t\t\t<a href=\"https:\/\/lugo.gestagua.es\/index.php\/visita-xoan-montes\/\" title=\"Visita I.E.S. Xoan Montes\">Visita I.E.S. Xoan Montes<\/a>\r\n\t\t\t\t<\/header>\r\n\t\t\t\t<footer>\r\n\t\t\t\t\t<div class=\"post-helper-absolute\">\r\n\t\t\t\t\t\t<div class=\"post-day-aside\">\r\n\t\t\t\t\t\t\t<span>05<\/span>\r\n\t\t\t\t\t\t<\/div>\r\n\t\t\t\t\t\t<div class=\"post-month-aside\">\r\n\t\t\t\t\t\t\t<span>Oct, 2012<\/span>\r\n\t\t\t\t\t\t<\/div>\r\n\t\t\t\t\t<\/div>\r\n\t\t\t\t\t<div class=\"post-author inline\">\r\n\t\t\t\t\t\tBy\r\n\t\t\t\t\t\t<span>\r\n\t\t\t\t\t\t\tGestagua - Lugo\r\n\t\t\t\t\t\t<\/span>\r\n\t\t\t\t\t<\/div>\r\n\t\t\t\t\t<div class=\"post-category\">\r\n\t\t\t\t\t\t<span>\r\n\t\t\t\t\t\t\t<a href=\"https:\/\/lugo.gestagua.es\/index.php\/category\/visitas\/\" rel=\"category tag\">Visitas<\/a>\r\n\t\t\t\t\t\t<\/span>\r\n\t\t\t\t\t<\/div>\r\n\t\t\t\t\t<div class=\"post-comments inline\">\r\n\t\t\t\t\t\t<span><a href=\"https:\/\/lugo.gestagua.es\/index.php\/visita-xoan-montes\/#comments\">Sin comentarios<\/a><\/span>\r\n\t\t\t\t\t<\/div>\r\n\t\t\t\t<\/footer>\r\n\t\t\t\t\t<div class=\"post-body-text\">\r\n\t\t\t\t\t\t<p> <a href=\"https:\/\/lugo.gestagua.es\/index.php\/visita-xoan-montes\/\" title=\"Visita I.E.S. Xoan Montes\" class=\"read-more\">leer mas<\/a><\/p>\r\n\t\t\t\t\t<\/div><\/article><\/li><li><article class=\"post link left post-slider\">\r\n\t\t\t\t<header>\r\n\t\t\t\t\t<a href=\"https:\/\/lugo.gestagua.es\/index.php\/visita-lucus-augusti\/\" title=\"Visita I.E.S. Lucus Augusti\">Visita I.E.S. Lucus Augusti<\/a>\r\n\t\t\t\t<\/header>\r\n\t\t\t\t<footer>\r\n\t\t\t\t\t<div class=\"post-helper-absolute\">\r\n\t\t\t\t\t\t<div class=\"post-day-aside\">\r\n\t\t\t\t\t\t\t<span>12<\/span>\r\n\t\t\t\t\t\t<\/div>\r\n\t\t\t\t\t\t<div class=\"post-month-aside\">\r\n\t\t\t\t\t\t\t<span>May, 2011<\/span>\r\n\t\t\t\t\t\t<\/div>\r\n\t\t\t\t\t<\/div>\r\n\t\t\t\t\t<div class=\"post-author inline\">\r\n\t\t\t\t\t\tBy\r\n\t\t\t\t\t\t<span>\r\n\t\t\t\t\t\t\tGestagua - Lugo\r\n\t\t\t\t\t\t<\/span>\r\n\t\t\t\t\t<\/div>\r\n\t\t\t\t\t<div class=\"post-category\">\r\n\t\t\t\t\t\t<span>\r\n\t\t\t\t\t\t\t<a href=\"https:\/\/lugo.gestagua.es\/index.php\/category\/visitas\/\" rel=\"category tag\">Visitas<\/a>\r\n\t\t\t\t\t\t<\/span>\r\n\t\t\t\t\t<\/div>\r\n\t\t\t\t\t<div class=\"post-comments inline\">\r\n\t\t\t\t\t\t<span><a href=\"https:\/\/lugo.gestagua.es\/index.php\/visita-lucus-augusti\/#comments\">Sin comentarios<\/a><\/span>\r\n\t\t\t\t\t<\/div>\r\n\t\t\t\t<\/footer>\r\n\t\t\t\t\t<div class=\"post-body-text\">\r\n\t\t\t\t\t\t<p> <a href=\"https:\/\/lugo.gestagua.es\/index.php\/visita-lucus-augusti\/\" title=\"Visita I.E.S. Lucus Augusti\" class=\"read-more\">leer mas<\/a><\/p>\r\n\t\t\t\t\t<\/div><\/article><\/li><li><article class=\"post link left post-slider\">\r\n\t\t\t\t<header>\r\n\t\t\t\t\t<a href=\"https:\/\/lugo.gestagua.es\/index.php\/visita-colegio-galen\/\" title=\"Visita Colegio Galen\">Visita Colegio Galen<\/a>\r\n\t\t\t\t<\/header>\r\n\t\t\t\t<footer>\r\n\t\t\t\t\t<div class=\"post-helper-absolute\">\r\n\t\t\t\t\t\t<div class=\"post-day-aside\">\r\n\t\t\t\t\t\t\t<span>05<\/span>\r\n\t\t\t\t\t\t<\/div>\r\n\t\t\t\t\t\t<div class=\"post-month-aside\">\r\n\t\t\t\t\t\t\t<span>May, 2011<\/span>\r\n\t\t\t\t\t\t<\/div>\r\n\t\t\t\t\t<\/div>\r\n\t\t\t\t\t<div class=\"post-author inline\">\r\n\t\t\t\t\t\tBy\r\n\t\t\t\t\t\t<span>\r\n\t\t\t\t\t\t\tGestagua - Lugo\r\n\t\t\t\t\t\t<\/span>\r\n\t\t\t\t\t<\/div>\r\n\t\t\t\t\t<div class=\"post-category\">\r\n\t\t\t\t\t\t<span>\r\n\t\t\t\t\t\t\t<a href=\"https:\/\/lugo.gestagua.es\/index.php\/category\/visitas\/\" rel=\"category tag\">Visitas<\/a>\r\n\t\t\t\t\t\t<\/span>\r\n\t\t\t\t\t<\/div>\r\n\t\t\t\t\t<div class=\"post-comments inline\">\r\n\t\t\t\t\t\t<span><a href=\"https:\/\/lugo.gestagua.es\/index.php\/visita-colegio-galen\/#comments\">Sin comentarios<\/a><\/span>\r\n\t\t\t\t\t<\/div>\r\n\t\t\t\t<\/footer>\r\n\t\t\t\t\t<div class=\"post-body-text\">\r\n\t\t\t\t\t\t<p> <a href=\"https:\/\/lugo.gestagua.es\/index.php\/visita-colegio-galen\/\" title=\"Visita Colegio Galen\" class=\"read-more\">leer mas<\/a><\/p>\r\n\t\t\t\t\t<\/div><\/article><\/li><li><article class=\"post link left post-slider\">\r\n\t\t\t\t<header>\r\n\t\t\t\t\t<a href=\"https:\/\/lugo.gestagua.es\/index.php\/visita-lois-pena-novo-villalba\/\" title=\"Visita I.E.S. Lois Pe\u00f1a Novo de Villalba\">Visita I.E.S. Lois Pe\u00f1a Novo de Villalba<\/a>\r\n\t\t\t\t<\/header>\r\n\t\t\t\t<footer>\r\n\t\t\t\t\t<div class=\"post-helper-absolute\">\r\n\t\t\t\t\t\t<div class=\"post-day-aside\">\r\n\t\t\t\t\t\t\t<span>07<\/span>\r\n\t\t\t\t\t\t<\/div>\r\n\t\t\t\t\t\t<div class=\"post-month-aside\">\r\n\t\t\t\t\t\t\t<span>Abr, 2011<\/span>\r\n\t\t\t\t\t\t<\/div>\r\n\t\t\t\t\t<\/div>\r\n\t\t\t\t\t<div class=\"post-author inline\">\r\n\t\t\t\t\t\tBy\r\n\t\t\t\t\t\t<span>\r\n\t\t\t\t\t\t\tGestagua - Lugo\r\n\t\t\t\t\t\t<\/span>\r\n\t\t\t\t\t<\/div>\r\n\t\t\t\t\t<div class=\"post-category\">\r\n\t\t\t\t\t\t<span>\r\n\t\t\t\t\t\t\t<a href=\"https:\/\/lugo.gestagua.es\/index.php\/category\/visitas\/\" rel=\"category tag\">Visitas<\/a>\r\n\t\t\t\t\t\t<\/span>\r\n\t\t\t\t\t<\/div>\r\n\t\t\t\t\t<div class=\"post-comments inline\">\r\n\t\t\t\t\t\t<span><a href=\"https:\/\/lugo.gestagua.es\/index.php\/visita-lois-pena-novo-villalba\/#comments\">Sin comentarios<\/a><\/span>\r\n\t\t\t\t\t<\/div>\r\n\t\t\t\t<\/footer>\r\n\t\t\t\t\t<div class=\"post-body-text\">\r\n\t\t\t\t\t\t<p> <a href=\"https:\/\/lugo.gestagua.es\/index.php\/visita-lois-pena-novo-villalba\/\" title=\"Visita I.E.S. Lois Pe\u00f1a Novo de Villalba\" class=\"read-more\">leer mas<\/a><\/p>\r\n\t\t\t\t\t<\/div><\/article><\/li><li><article class=\"post link left post-slider\">\r\n\t\t\t\t<header>\r\n\t\t\t\t\t<a href=\"https:\/\/lugo.gestagua.es\/index.php\/visita-monte-castelo-de-burela\/\" title=\"Visita I.E.S Monte Castelo de Burela\">Visita I.E.S Monte Castelo de Burela<\/a>\r\n\t\t\t\t<\/header>\r\n\t\t\t\t<footer>\r\n\t\t\t\t\t<div class=\"post-helper-absolute\">\r\n\t\t\t\t\t\t<div class=\"post-day-aside\">\r\n\t\t\t\t\t\t\t<span>31<\/span>\r\n\t\t\t\t\t\t<\/div>\r\n\t\t\t\t\t\t<div class=\"post-month-aside\">\r\n\t\t\t\t\t\t\t<span>Mar, 2011<\/span>\r\n\t\t\t\t\t\t<\/div>\r\n\t\t\t\t\t<\/div>\r\n\t\t\t\t\t<div class=\"post-author inline\">\r\n\t\t\t\t\t\tBy\r\n\t\t\t\t\t\t<span>\r\n\t\t\t\t\t\t\tGestagua - Lugo\r\n\t\t\t\t\t\t<\/span>\r\n\t\t\t\t\t<\/div>\r\n\t\t\t\t\t<div class=\"post-category\">\r\n\t\t\t\t\t\t<span>\r\n\t\t\t\t\t\t\t<a href=\"https:\/\/lugo.gestagua.es\/index.php\/category\/visitas\/\" rel=\"category tag\">Visitas<\/a>\r\n\t\t\t\t\t\t<\/span>\r\n\t\t\t\t\t<\/div>\r\n\t\t\t\t\t<div class=\"post-comments inline\">\r\n\t\t\t\t\t\t<span><a href=\"https:\/\/lugo.gestagua.es\/index.php\/visita-monte-castelo-de-burela\/#comments\">Sin comentarios<\/a><\/span>\r\n\t\t\t\t\t<\/div>\r\n\t\t\t\t<\/footer>\r\n\t\t\t\t\t<div class=\"post-body-text\">\r\n\t\t\t\t\t\t<p> <a href=\"https:\/\/lugo.gestagua.es\/index.php\/visita-monte-castelo-de-burela\/\" title=\"Visita I.E.S Monte Castelo de Burela\" class=\"read-more\">leer mas<\/a><\/p>\r\n\t\t\t\t\t<\/div><\/article><\/li><li><article class=\"post link left post-slider\">\r\n\t\t\t\t<header>\r\n\t\t\t\t\t<a href=\"https:\/\/lugo.gestagua.es\/index.php\/visita-leiras-pulpeiro\/\" title=\"Visita I.E.S. Leiras Pulpeiro\">Visita I.E.S. Leiras Pulpeiro<\/a>\r\n\t\t\t\t<\/header>\r\n\t\t\t\t<footer>\r\n\t\t\t\t\t<div class=\"post-helper-absolute\">\r\n\t\t\t\t\t\t<div class=\"post-day-aside\">\r\n\t\t\t\t\t\t\t<span>03<\/span>\r\n\t\t\t\t\t\t<\/div>\r\n\t\t\t\t\t\t<div class=\"post-month-aside\">\r\n\t\t\t\t\t\t\t<span>Mar, 2011<\/span>\r\n\t\t\t\t\t\t<\/div>\r\n\t\t\t\t\t<\/div>\r\n\t\t\t\t\t<div class=\"post-author inline\">\r\n\t\t\t\t\t\tBy\r\n\t\t\t\t\t\t<span>\r\n\t\t\t\t\t\t\tGestagua - Lugo\r\n\t\t\t\t\t\t<\/span>\r\n\t\t\t\t\t<\/div>\r\n\t\t\t\t\t<div class=\"post-category\">\r\n\t\t\t\t\t\t<span>\r\n\t\t\t\t\t\t\t<a href=\"https:\/\/lugo.gestagua.es\/index.php\/category\/visitas\/\" rel=\"category tag\">Visitas<\/a>\r\n\t\t\t\t\t\t<\/span>\r\n\t\t\t\t\t<\/div>\r\n\t\t\t\t\t<div class=\"post-comments inline\">\r\n\t\t\t\t\t\t<span><a href=\"https:\/\/lugo.gestagua.es\/index.php\/visita-leiras-pulpeiro\/#comments\">Sin comentarios<\/a><\/span>\r\n\t\t\t\t\t<\/div>\r\n\t\t\t\t<\/footer>\r\n\t\t\t\t\t<div class=\"post-body-text\">\r\n\t\t\t\t\t\t<p> <a href=\"https:\/\/lugo.gestagua.es\/index.php\/visita-leiras-pulpeiro\/\" title=\"Visita I.E.S. Leiras Pulpeiro\" class=\"read-more\">leer mas<\/a><\/p>\r\n\t\t\t\t\t<\/div><\/article><\/li>\r\n\t\t\t<\/ul>\r\n\t\t<\/div>\r\n\t\t<script type=\"text\/javascript\">\r\n\t\t\tjQuery(document).ready(function() {\r\n\t\t\t  jQuery(\"#flexslider-posts-slider-1988\").flexslider({\r\n\t\t\t\tanimation: \"slide\",\r\n\t\t\t\tcontrolNav: false,\r\n\t\t\t\tautoplay: false,\r\n\t\t\t\tprevText: \"Left\",\r\n\t\t\t\tnextText: \"Right\"\r\n\t\t\t  });\r\n\t\t\t});\r\n\t\t<\/script><\/div><div class=\"theme-one-half theme-column-last\">\r\n\t\t<div class=\"flexslider flexslider-posts-slider  images-slider\" id=\"flexslider-posts-slider-2953\">\r\n\t\t\t<ul class=\"slides\">\r\n\t\t\t\t<li><article class=\"post link left post-slider\">\r\n\t\t\t\t<header>\r\n\t\t\t\t\t<a href=\"https:\/\/lugo.gestagua.es\/index.php\/como-podemos-ahorrar-agua\/\" title=\"\u00bfC\u00f3mo podemos ahorrar agua?\">\u00bfC\u00f3mo podemos ahorrar agua?<\/a>\r\n\t\t\t\t<\/header>\r\n\t\t\t\t<footer>\r\n\t\t\t\t\t<div class=\"post-helper-absolute\">\r\n\t\t\t\t\t\t<div class=\"post-day-aside\">\r\n\t\t\t\t\t\t\t<span>21<\/span>\r\n\t\t\t\t\t\t<\/div>\r\n\t\t\t\t\t\t<div class=\"post-month-aside\">\r\n\t\t\t\t\t\t\t<span>Oct, 2013<\/span>\r\n\t\t\t\t\t\t<\/div>\r\n\t\t\t\t\t<\/div>\r\n\t\t\t\t\t<div class=\"post-author inline\">\r\n\t\t\t\t\t\tBy\r\n\t\t\t\t\t\t<span>\r\n\t\t\t\t\t\t\tGestagua - Lugo\r\n\t\t\t\t\t\t<\/span>\r\n\t\t\t\t\t<\/div>\r\n\t\t\t\t\t<div class=\"post-category\">\r\n\t\t\t\t\t\t<span>\r\n\t\t\t\t\t\t\t<a href=\"https:\/\/lugo.gestagua.es\/index.php\/category\/campanas-de-sensibilizacion\/\" rel=\"category tag\">Campa\u00f1as de Sensibilizaci\u00f3n<\/a>\r\n\t\t\t\t\t\t<\/span>\r\n\t\t\t\t\t<\/div>\r\n\t\t\t\t\t<div class=\"post-comments inline\">\r\n\t\t\t\t\t\t<span><a href=\"https:\/\/lugo.gestagua.es\/index.php\/como-podemos-ahorrar-agua\/#comments\">Sin comentarios<\/a><\/span>\r\n\t\t\t\t\t<\/div>\r\n\t\t\t\t<\/footer>\r\n\t\t\t\t\t<div class=\"post-body-text\">\r\n\t\t\t\t\t\t<p>&nbsp; El agua es el alimento vital m\u00e1s barato, aunque su coste es mayor que lo que paga su usuario. Es un bien escaso y limitado. Por ello es obligado su uso reacional Ahorrar agua es VITAL EL AGUA ES VIDA <a href=\"https:\/\/lugo.gestagua.es\/index.php\/como-podemos-ahorrar-agua\/\" title=\"\u00bfC\u00f3mo podemos ahorrar agua?\" class=\"read-more\">leer mas<\/a><\/p>\r\n\t\t\t\t\t<\/div><\/article><\/li><li><article class=\"post link left post-slider\">\r\n\t\t\t\t<header>\r\n\t\t\t\t\t<a href=\"https:\/\/lugo.gestagua.es\/index.php\/campana-de-navidad-2012\/\" title=\"Campa\u00f1a de Navidad 2012\">Campa\u00f1a de Navidad 2012<\/a>\r\n\t\t\t\t<\/header>\r\n\t\t\t\t<footer>\r\n\t\t\t\t\t<div class=\"post-helper-absolute\">\r\n\t\t\t\t\t\t<div class=\"post-day-aside\">\r\n\t\t\t\t\t\t\t<span>20<\/span>\r\n\t\t\t\t\t\t<\/div>\r\n\t\t\t\t\t\t<div class=\"post-month-aside\">\r\n\t\t\t\t\t\t\t<span>Dic, 2012<\/span>\r\n\t\t\t\t\t\t<\/div>\r\n\t\t\t\t\t<\/div>\r\n\t\t\t\t\t<div class=\"post-author inline\">\r\n\t\t\t\t\t\tBy\r\n\t\t\t\t\t\t<span>\r\n\t\t\t\t\t\t\tGestagua - Lugo\r\n\t\t\t\t\t\t<\/span>\r\n\t\t\t\t\t<\/div>\r\n\t\t\t\t\t<div class=\"post-category\">\r\n\t\t\t\t\t\t<span>\r\n\t\t\t\t\t\t\t<a href=\"https:\/\/lugo.gestagua.es\/index.php\/category\/campanas-de-sensibilizacion\/\" rel=\"category tag\">Campa\u00f1as de Sensibilizaci\u00f3n<\/a>\r\n\t\t\t\t\t\t<\/span>\r\n\t\t\t\t\t<\/div>\r\n\t\t\t\t\t<div class=\"post-comments inline\">\r\n\t\t\t\t\t\t<span><a href=\"https:\/\/lugo.gestagua.es\/index.php\/campana-de-navidad-2012\/#comments\">Sin comentarios<\/a><\/span>\r\n\t\t\t\t\t<\/div>\r\n\t\t\t\t<\/footer>\r\n\t\t\t\t\t<div class=\"post-body-text\">\r\n\t\t\t\t\t\t<p>Ciclo del agua En la campa\u00f1a de navidad 2012 quisimos recuperar cada fase del ciclo integral del agua para hacerlo m\u00e1s accesible y comprensible. Con una primera frase, TODO PREPARADO PARA VOLVER A EMPEZAR, arrancamos con el modo en el que la naturaleza comienza el ciclo, as\u00ed cada mes, desde evapotranspiraci\u00f3n hasta el paso por [&hellip;] <a href=\"https:\/\/lugo.gestagua.es\/index.php\/campana-de-navidad-2012\/\" title=\"Campa\u00f1a de Navidad 2012\" class=\"read-more\">leer mas<\/a><\/p>\r\n\t\t\t\t\t<\/div><\/article><\/li>\r\n\t\t\t<\/ul>\r\n\t\t<\/div>\r\n\t\t<script type=\"text\/javascript\">\r\n\t\t\tjQuery(document).ready(function() {\r\n\t\t\t  jQuery(\"#flexslider-posts-slider-2953\").flexslider({\r\n\t\t\t\tanimation: \"slide\",\r\n\t\t\t\tcontrolNav: false,\r\n\t\t\t\tautoplay: false,\r\n\t\t\t\tprevText: \"Left\",\r\n\t\t\t\tnextText: \"Right\"\r\n\t\t\t  });\r\n\t\t\t});\r\n\t\t<\/script><\/div><div class=\"clear\"><\/div><div class=\"theme-one-half theme-column-last\">\r\n\t\t<div class=\"flexslider flexslider-posts-slider  images-slider\" id=\"flexslider-posts-slider-2169\">\r\n\t\t\t<ul class=\"slides\">\r\n\t\t\t\t<li><article class=\"post link left post-slider\"><img src=\"https:\/\/lugo.gestagua.es\/wp-content\/uploads\/freshizer\/8615e827101dd96b0064cd16c49a1c49_Inspeccion_2-863-430-c.jpg\" class=\"wp-post-image\" width=\"863\" height=\"430\" alt=\"\"  \/>\r\n\t\t\t\t<header>\r\n\t\t\t\t\t<a href=\"https:\/\/lugo.gestagua.es\/index.php\/inspeccion-y-control-de-la-red-de-alcantarillado-de-la-ciudad-de-lugo\/\" title=\"Inspecci\u00f3n y Control de la red de alcantarillado de la Ciudad de Lugo\">Inspecci\u00f3n y Control de la red de alcantarillado de la Ciudad de Lugo<\/a>\r\n\t\t\t\t<\/header>\r\n\t\t\t\t<footer>\r\n\t\t\t\t\t<div class=\"post-helper-absolute\">\r\n\t\t\t\t\t\t<div class=\"post-day-aside\">\r\n\t\t\t\t\t\t\t<span>14<\/span>\r\n\t\t\t\t\t\t<\/div>\r\n\t\t\t\t\t\t<div class=\"post-month-aside\">\r\n\t\t\t\t\t\t\t<span>Oct, 2013<\/span>\r\n\t\t\t\t\t\t<\/div>\r\n\t\t\t\t\t<\/div>\r\n\t\t\t\t\t<div class=\"post-author inline\">\r\n\t\t\t\t\t\tBy\r\n\t\t\t\t\t\t<span>\r\n\t\t\t\t\t\t\tGestagua - Lugo\r\n\t\t\t\t\t\t<\/span>\r\n\t\t\t\t\t<\/div>\r\n\t\t\t\t\t<div class=\"post-category\">\r\n\t\t\t\t\t\t<span>\r\n\t\t\t\t\t\t\t<a href=\"https:\/\/lugo.gestagua.es\/index.php\/category\/noticas\/\" rel=\"category tag\">Noticias<\/a>\r\n\t\t\t\t\t\t<\/span>\r\n\t\t\t\t\t<\/div>\r\n\t\t\t\t\t<div class=\"post-comments inline\">\r\n\t\t\t\t\t\t<span><a href=\"https:\/\/lugo.gestagua.es\/index.php\/inspeccion-y-control-de-la-red-de-alcantarillado-de-la-ciudad-de-lugo\/#comments\">Sin comentarios<\/a><\/span>\r\n\t\t\t\t\t<\/div>\r\n\t\t\t\t<\/footer>\r\n\t\t\t\t\t<div class=\"post-body-text\">\r\n\t\t\t\t\t\t<p>GESTAGUA, colabora con el Concello de Lugo en la Inspecci\u00f3n y Control de la red de alcantarillado de la Ciudad de Lugo. Recientemente se han inspeccionado m\u00e1s de 200 metros de Tuber\u00eda de PVC de di\u00e1metros comprendidos entre 400 y 600 mm, as\u00ed como sus correspondientes acometidas a los edificios, ubicadas en la Ronda de [&hellip;] <a href=\"https:\/\/lugo.gestagua.es\/index.php\/inspeccion-y-control-de-la-red-de-alcantarillado-de-la-ciudad-de-lugo\/\" title=\"Inspecci\u00f3n y Control de la red de alcantarillado de la Ciudad de Lugo\" class=\"read-more\">leer mas<\/a><\/p>\r\n\t\t\t\t\t<\/div><\/article><\/li><li><article class=\"post link left post-slider\"><img src=\"https:\/\/lugo.gestagua.es\/wp-content\/uploads\/freshizer\/c8ccfea58b1509d778b8f81e57ef928d_RS-07-EDAR-aerea-863-430-c.jpg\" class=\"wp-post-image\" width=\"863\" height=\"430\" alt=\"\"  \/>\r\n\t\t\t\t<header>\r\n\t\t\t\t\t<a href=\"https:\/\/lugo.gestagua.es\/index.php\/lugo-xa-ten-nova-depuradora\/\" title=\"Lugo xa ten nova depuradora\">Lugo xa ten nova depuradora<\/a>\r\n\t\t\t\t<\/header>\r\n\t\t\t\t<footer>\r\n\t\t\t\t\t<div class=\"post-helper-absolute\">\r\n\t\t\t\t\t\t<div class=\"post-day-aside\">\r\n\t\t\t\t\t\t\t<span>27<\/span>\r\n\t\t\t\t\t\t<\/div>\r\n\t\t\t\t\t\t<div class=\"post-month-aside\">\r\n\t\t\t\t\t\t\t<span>Sep, 2013<\/span>\r\n\t\t\t\t\t\t<\/div>\r\n\t\t\t\t\t<\/div>\r\n\t\t\t\t\t<div class=\"post-author inline\">\r\n\t\t\t\t\t\tBy\r\n\t\t\t\t\t\t<span>\r\n\t\t\t\t\t\t\tGestagua - Lugo\r\n\t\t\t\t\t\t<\/span>\r\n\t\t\t\t\t<\/div>\r\n\t\t\t\t\t<div class=\"post-category\">\r\n\t\t\t\t\t\t<span>\r\n\t\t\t\t\t\t\t<a href=\"https:\/\/lugo.gestagua.es\/index.php\/category\/noticas\/\" rel=\"category tag\">Noticias<\/a>\r\n\t\t\t\t\t\t<\/span>\r\n\t\t\t\t\t<\/div>\r\n\t\t\t\t\t<div class=\"post-comments inline\">\r\n\t\t\t\t\t\t<span><a href=\"https:\/\/lugo.gestagua.es\/index.php\/lugo-xa-ten-nova-depuradora\/#comments\">Sin comentarios<\/a><\/span>\r\n\t\t\t\t\t<\/div>\r\n\t\t\t\t<\/footer>\r\n\t\t\t\t\t<div class=\"post-body-text\">\r\n\t\t\t\t\t\t<p>O Alcalde, Jos\u00e9 L\u00f3pez Orozco, participou hoxe na inauguraci\u00f3n da nova Estaci\u00f3n Depuradora de Augas Residuais de Lugo, acto no que interveu xunto coa Ministra de Medio Ambiente e Medio Rural e Mari\u00f1o, Rosa Aguilar, e o Conselleiro de Medio Ambiente, Territorio e Infraestruturas, Agust\u00edn Hern\u00e1ndez. Tam\u00e9n asistiron \u00e1 inauguraci\u00f3n o Presidente da Deputaci\u00f3n provincial, [&hellip;] <a href=\"https:\/\/lugo.gestagua.es\/index.php\/lugo-xa-ten-nova-depuradora\/\" title=\"Lugo xa ten nova depuradora\" class=\"read-more\">leer mas<\/a><\/p>\r\n\t\t\t\t\t<\/div><\/article><\/li><li><article class=\"post link left post-slider\"><img src=\"https:\/\/lugo.gestagua.es\/wp-content\/uploads\/freshizer\/29b802eed930222abd84cdff28d79cfc_Inauguracion-EDAR-863-430-c.jpg\" class=\"wp-post-image\" width=\"863\" height=\"430\" alt=\"\"  \/>\r\n\t\t\t\t<header>\r\n\t\t\t\t\t<a href=\"https:\/\/lugo.gestagua.es\/index.php\/inauguracion-de-la-nueva-edar\/\" title=\"Inauguraci\u00f3n de la Nueva EDAR\">Inauguraci\u00f3n de la Nueva EDAR<\/a>\r\n\t\t\t\t<\/header>\r\n\t\t\t\t<footer>\r\n\t\t\t\t\t<div class=\"post-helper-absolute\">\r\n\t\t\t\t\t\t<div class=\"post-day-aside\">\r\n\t\t\t\t\t\t\t<span>27<\/span>\r\n\t\t\t\t\t\t<\/div>\r\n\t\t\t\t\t\t<div class=\"post-month-aside\">\r\n\t\t\t\t\t\t\t<span>Sep, 2013<\/span>\r\n\t\t\t\t\t\t<\/div>\r\n\t\t\t\t\t<\/div>\r\n\t\t\t\t\t<div class=\"post-author inline\">\r\n\t\t\t\t\t\tBy\r\n\t\t\t\t\t\t<span>\r\n\t\t\t\t\t\t\tGestagua - Lugo\r\n\t\t\t\t\t\t<\/span>\r\n\t\t\t\t\t<\/div>\r\n\t\t\t\t\t<div class=\"post-category\">\r\n\t\t\t\t\t\t<span>\r\n\t\t\t\t\t\t\t<a href=\"https:\/\/lugo.gestagua.es\/index.php\/category\/noticas\/\" rel=\"category tag\">Noticias<\/a>\r\n\t\t\t\t\t\t<\/span>\r\n\t\t\t\t\t<\/div>\r\n\t\t\t\t\t<div class=\"post-comments inline\">\r\n\t\t\t\t\t\t<span><a href=\"https:\/\/lugo.gestagua.es\/index.php\/inauguracion-de-la-nueva-edar\/#comments\">Sin comentarios<\/a><\/span>\r\n\t\t\t\t\t<\/div>\r\n\t\t\t\t<\/footer>\r\n\t\t\t\t\t<div class=\"post-body-text\">\r\n\t\t\t\t\t\t<p>La nueva EDAR; situada a un kil\u00f3metro de la actual depuradora, aguas arriba. Ocupa 85.000 metros cuadrados, en los que ha sido necesario excavar 200.000 metros c\u00fabicos de tierra e instalar 150 kil\u00f3metros de cable para que la planta empiece a funcionar. Dise\u00f1ada para una poblaci\u00f3n equivalente a 200.000 habitantes, siendo 120.000 los que corresponden [&hellip;] <a href=\"https:\/\/lugo.gestagua.es\/index.php\/inauguracion-de-la-nueva-edar\/\" title=\"Inauguraci\u00f3n de la Nueva EDAR\" class=\"read-more\">leer mas<\/a><\/p>\r\n\t\t\t\t\t<\/div><\/article><\/li><li><article class=\"post link left post-slider\"><img src=\"https:\/\/lugo.gestagua.es\/wp-content\/uploads\/freshizer\/da9b280ba568cd98eaab756383fee51a_Visita-Congo-863-430-c.jpg\" class=\"wp-post-image\" width=\"863\" height=\"430\" alt=\"\"  \/>\r\n\t\t\t\t<header>\r\n\t\t\t\t\t<a href=\"https:\/\/lugo.gestagua.es\/index.php\/visita-del-ministro-de-energia-de-congo-a-la-etap\/\" title=\"Visita del Ministro de Energ\u00eda de Congo a la ETAP\">Visita del Ministro de Energ\u00eda de Congo a la ETAP<\/a>\r\n\t\t\t\t<\/header>\r\n\t\t\t\t<footer>\r\n\t\t\t\t\t<div class=\"post-helper-absolute\">\r\n\t\t\t\t\t\t<div class=\"post-day-aside\">\r\n\t\t\t\t\t\t\t<span>27<\/span>\r\n\t\t\t\t\t\t<\/div>\r\n\t\t\t\t\t\t<div class=\"post-month-aside\">\r\n\t\t\t\t\t\t\t<span>Sep, 2013<\/span>\r\n\t\t\t\t\t\t<\/div>\r\n\t\t\t\t\t<\/div>\r\n\t\t\t\t\t<div class=\"post-author inline\">\r\n\t\t\t\t\t\tBy\r\n\t\t\t\t\t\t<span>\r\n\t\t\t\t\t\t\tGestagua - Lugo\r\n\t\t\t\t\t\t<\/span>\r\n\t\t\t\t\t<\/div>\r\n\t\t\t\t\t<div class=\"post-category\">\r\n\t\t\t\t\t\t<span>\r\n\t\t\t\t\t\t\t<a href=\"https:\/\/lugo.gestagua.es\/index.php\/category\/noticas\/\" rel=\"category tag\">Noticias<\/a>\r\n\t\t\t\t\t\t<\/span>\r\n\t\t\t\t\t<\/div>\r\n\t\t\t\t\t<div class=\"post-comments inline\">\r\n\t\t\t\t\t\t<span><a href=\"https:\/\/lugo.gestagua.es\/index.php\/visita-del-ministro-de-energia-de-congo-a-la-etap\/#comments\">Sin comentarios<\/a><\/span>\r\n\t\t\t\t\t<\/div>\r\n\t\t\t\t<\/footer>\r\n\t\t\t\t\t<div class=\"post-body-text\">\r\n\t\t\t\t\t\t<p>El ministro congole\u00f1o, junto a su equipo, visit\u00f3 el pasado 2 de abril la nueva ETAP interesaba por estas instalaciones que por ser de las \u00faltimas construidas en Espa\u00f1a, dispone de la m\u00e1s puntera tecnol\u00f3gia. Querian conocer los detalles del funcionamiento de la planta, su sistema de gesti\u00f3n, las tarifas del agua, el mantenimiento o [&hellip;] <a href=\"https:\/\/lugo.gestagua.es\/index.php\/visita-del-ministro-de-energia-de-congo-a-la-etap\/\" title=\"Visita del Ministro de Energ\u00eda de Congo a la ETAP\" class=\"read-more\">leer mas<\/a><\/p>\r\n\t\t\t\t\t<\/div><\/article><\/li>\r\n\t\t\t<\/ul>\r\n\t\t<\/div>\r\n\t\t<script type=\"text\/javascript\">\r\n\t\t\tjQuery(document).ready(function() {\r\n\t\t\t  jQuery(\"#flexslider-posts-slider-2169\").flexslider({\r\n\t\t\t\tanimation: \"slide\",\r\n\t\t\t\tcontrolNav: false,\r\n\t\t\t\tautoplay: false,\r\n\t\t\t\tprevText: \"Left\",\r\n\t\t\t\tnextText: \"Right\"\r\n\t\t\t  });\r\n\t\t\t});\r\n\t\t<\/script><\/div><div class=\"clear\"><\/div>","protected":false},"excerpt":{"rendered":"","protected":false},"author":2,"featured_media":0,"parent":0,"menu_order":0,"comment_status":"open","ping_status":"closed","template":"","meta":[],"_links":{"self":[{"href":"https:\/\/lugo.gestagua.es\/index.php\/wp-json\/wp\/v2\/pages\/85"}],"collection":[{"href":"https:\/\/lugo.gestagua.es\/index.php\/wp-json\/wp\/v2\/pages"}],"about":[{"href":"https:\/\/lugo.gestagua.es\/index.php\/wp-json\/wp\/v2\/types\/page"}],"author":[{"embeddable":true,"href":"https:\/\/lugo.gestagua.es\/index.php\/wp-json\/wp\/v2\/users\/2"}],"replies":[{"embeddable":true,"href":"https:\/\/lugo.gestagua.es\/index.php\/wp-json\/wp\/v2\/comments?post=85"}],"version-history":[{"count":1,"href":"https:\/\/lugo.gestagua.es\/index.php\/wp-json\/wp\/v2\/pages\/85\/revisions"}],"predecessor-version":[{"id":86,"href":"https:\/\/lugo.gestagua.es\/index.php\/wp-json\/wp\/v2\/pages\/85\/revisions\/86"}],"wp:attachment":[{"href":"https:\/\/lugo.gestagua.es\/index.php\/wp-json\/wp\/v2\/media?parent=85"}],"curies":[{"name":"wp","href":"https:\/\/api.w.org\/{rel}","templated":true}]}}